4913 composite?
False
Is 556348384837 a composite number?
True
Is 11705450597 a composite number?
True
Is 17617742453 a composite number?
False
Is 382389871 a composite number?
True
Is 34271264289 prime?
False
Is 31377993527 a prime number?
False
Is 178586851 composite?
False
Is 113378936743 a composite number?
True
Is 797632117 composite?
True
Is 79132275199 a prime number?
True
Is 17090729969 composite?
True
Is 7403223637 composite?
False
Is 430754033 prime?
False
Is 45468831515 prime?
False
Is 9944726819 a prime number?
True
Is 11740483961 prime?
True
Is 1501964747 a prime number?
False
Is 38073700909 a composite number?
True
Is 470148893 composite?
True
Is 37934357 a composite number?
True
Is 4596780173 prime?
True
Is 8667018901 a composite number?
True
Is 1961367491 a prime number?
False
Is 44301378883 composite?
True
Is 15223641233 prime?
False
Is 125626847 prime?
False
Is 946083209 a composite number?
False
Is 33426948493 a composite number?
True
Is 494396858 composite?
True
Is 5512539839 a composite number?
False
Is 52641881 a composite number?
True
Is 10204242683 prime?
True
Is 1200076021 a composite number?
True
Is 369921059 composite?
False
Is 849311987 prime?
False
Is 3992160157 composite?
False
Is 8376656081 a composite number?
False
Is 20150491849 a composite number?
True
Is 11114807531 a prime number?
False
Is 702742087 a prime number?
False
Is 138505310573 a prime number?
False
Is 124541773 a composite number?
False
Is 2450451747 a prime number?
False
Is 6918507586 a composite number?
True
Is 4845432041 prime?
False
Is 6822753697 composite?
False
Is 61886368309 prime?
False
Is 106785903999 a prime number?
False
Is 8269920941 composite?
True
Is 3626509903 prime?
True
Is 347313539 composite?
False
Is 3265942399 a prime number?
True
Is 207645676103 a composite number?
False
Is 2709523169 a prime number?
True
Is 20057552783 prime?
False
Is 1401710073 prime?
False
Is 216811379 prime?
False
Is 311628283783 a prime number?
False
Is 9303875489 a prime number?
False
Is 4761245707 a composite number?
True
Is 11410716301 a prime number?
False
Is 1140768169 a prime number?
False
Is 25239288929 prime?
True
Is 7172076697 composite?
False
Is 10002262217 a composite number?
False
Is 6562434721 a prime number?
True
Is 246707104003 composite?
False
Is 8569743439 a composite number?
True
Is 1229917463 a composite number?
True
Is 804520693 a prime number?
False
Is 58876201313 a composite number?
False
Is 1590134297 a prime number?
False
Is 2527407641 prime?
False
Is 1908658231 a composite number?
False
Is 1194408013 prime?
True
Is 671089409 composite?
True
Is 168452439959 composite?
True
Is 542298319 a prime number?
True
Is 56718463 a composite number?
False
Is 131392171 composite?
False
Is 2204629529 composite?
False
Is 41580791197 composite?
True
Is 5183535971 prime?
False
Is 1019575793 a composite number?
True
Is 227095681 prime?
False
Is 582937471 composite?
True
Is 46680619 composite?
False
Is 7285793341 a prime number?
True
Is 1914199381 a prime number?
False
Is 78112865543 a prime number?
True
Is 111193213 prime?
True
Is 1839786497 a composite number?
False
Is 98960574649 a prime number?
True
Is 94240327 composite?
False
Is 990424909 a composite number?
False
Is 9801228949 prime?
False
Is 10010653 prime?
True
Is 1351702531 composite?
True
Is 97179193 composite?
False
Is 324337859 composite?
False
Is 2746043221 a prime number?
False
Is 10311995801 a composite number?
False
Is 231749839 composite?
False
Is 458278521 a prime number?
False
Is 345702362 a composite number?
True
Is 18725213239 a prime number?
False
Is 70547783261 a composite number?
False
Is 1773720479 composite?
False
Is 535080794981 prime?
True
Is 4177991533 composite?
True
Is 1163423549 prime?
True
Is 32093238701 a composite number?
True
Is 1377713999 a prime number?
True
Is 11762897683 composite?
True
Is 1303888867 prime?
True
Is 599889847 a prime number?
False
Is 6552292127 a composite number?
False
Is 6219570623 prime?
False
Is 164883773 composite?
False
Is 36630080479 a prime number?
False
Is 372528151 composite?
False
Is 3781944163 a prime number?
False
Is 174552223 prime?
True
Is 59475427633 composite?
True
Is 5284464593 a prime number?
False
Is 918074327 a composite number?
False
Is 4080890521 composite?
True
Is 45215738543 a composite number?
True
Is 335144861 a prime number?
False
Is 2199024691 prime?
False
Is 43659913723 composite?
True
Is 587499469 composite?
False
Is 1578271193 a prime number?
False
Is 13239471473 a prime number?
False
Is 35843843523 prime?
False
Is 284808827 a composite number?
False
Is 83090639 a prime number?
False
Is 4692583189 a composite number?
True
Is 8076625291 composite?
True
Is 14507171473 composite?
False
Is 1038979731 composite?
True
Is 819443975351 a composite number?
False
Is 944390309 prime?
False
Is 645177551 a prime number?
True
Is 5355926599 a composite number?
False
Is 1568037335 composite?
True
Is 4399796299 a composite number?
True
Is 74765113 a prime number?
True
Is 40835443723 a prime number?
False
Is 1208557327 a prime number?
False
Is 520381231 a prime number?
True
Is 923848529 prime?
False
Is 1752578881 composite?
True
Is 9312211 prime?
True
Is 19429179169 a prime number?
True
Is 3891293501 composite?
False
Is 3936935153 composite?
True
Is 8097941 a prime number?
True
Is 9421968181 a composite number?
True
Is 7429424341 a composite number?
False
Is 46967007651 a composite number?
True
Is 736116401 prime?
False
Is 1573529021 a composite number?
False
Is 391583567 a composite number?
False
Is 2788923073 a prime number?
True
Is 36431530379 a prime number?
True
Is 28195545667 a prime number?
True
Is 127017383503 a prime number?
False
Is 11841949309 prime?
True
Is 120705577 a composite number?
True
Is 8593868869 prime?
False
Is 6791807807 prime?
True
Is 789748318 a composite number?
True
Is 43628608001 a composite number?
True
Is 162031219 a composite number?
True
Is 75902260073 prime?
False
Is 6819970361 a composite number?
False
Is 1468906951 composite?
False
Is 8226475721 prime?
True
Is 816672229 composite?
True
Is 434862539 composite?
False
Is 227688323 prime?
True
Is 11480522461 composite?
False
Is 167005417 a composite number?
False
Is 1557974881 a prime number?
True
Is 14687423393 a composite number?
True
Is 22754962459 a composite number?
True
Is 98332222399 a prime number?
True
Is 39519971 prime?
True
Is 133032883 a prime number?
True
Is 12589918163 a composite number?
True
Is 2250836921 a composite number?
False
Is 3044195377 a prime number?
True
Is 116241143 prime?
True
Is 108439557 a composite number?
True
Is 19602297569 prime?
False
Is 266526371 a prime number?
True
Is 16214591287 composite?
True
Is 363323707 composite?
False
Is 4259685401 a prime number?
True
Is 2011519331 a prime number?
True
Is 27593040899 a prime number?
True
Is 72585487 a prime number?
False
Is 306725693 a composite number?
False
Is 33791440369 prime?
True
Is 5888683417 a prime number?
False
Is 581963441 composite?
False
Is 21475363693 a composite number?
True
Is 2486866663 composite?
False
Is 14351789 a prime number?
True
Is 981054651 composite?
True
Is 224902201 composite?
False
Is 113066411717 composite?
True
Is 4960598271 prime?
False
Is 443535263 prime?
False
Is 8681597 composite?
True
Is 4811753269 a prime number?
True
Is 3015188893 a prime number?
False
Is 1881194761 a composite number?
False
Is 1459654699 prime?
False
Is 7257993139 a composite number?
False
Is 17855010755 prime?
False
Is 19996002931 a prime number?
True
Is 11316084517 prime?
False
Is 233377453867 a prime number?
True
Is 44809586917 composite?
False
Is 7380199469 prime?
False
Is 6067591 composite?
True
Is 4902773311 prime?
False
Is 10790728567 a composite number?
True
Is 2406947603 composite?
False
Is 11067534353 a composite number?
True
Is 272201431 a prime number?
True
Is 1463126281 a composite number?
False
Is 415878882007 composite?
False
Is 164080291 a prime number?
True
Is 3528216559 prime?
False
Is 19017174779 composite?
False
Is 1358190859 composite?
False
Is 89659443817 composite?
False
Is 3376318901 composite?
True
Is 292389869 a composite number?
True
Is 551613091561 composite?
True
Is 189572683 composite?
False
Is 637285331 a prime number?
True
Is 2824